the units digit of 6334489?
9
What is the ten thousands digit of 9749861?
4
What is the hundred thousands digit of 265933?
2
What is the hundreds digit of 46905?
9
What is the hundred thousands digit of 3711167?
7
What is the hundred thousands digit of 10289822?
2
What is the hundred thousands digit of 2834957?
8
What is the hundreds digit of 692440?
4
What is the millions digit of 3521682?
3
What is the hundred thousands digit of 3241258?
2
What is the ten thousands digit of 58567?
5
What is the tens digit of 1290106?
0
What is the hundreds digit of 3780030?
0
What is the millions digit of 6096020?
6
What is the hundreds digit of 370685?
6
What is the tens digit of 2384100?
0
What is the tens digit of 40237?
3
What is the ten thousands digit of 8337189?
3
What is the hundred thousands digit of 723217?
7
What is the ten thousands digit of 168346?
6
What is the units digit of 293228?
8
What is the tens digit of 1521611?
1
What is the hundred thousands digit of 7827808?
8
What is the units digit of 899993?
3
What is the thousands digit of 488250?
8
What is the tens digit of 2324591?
9
What is the units digit of 262158?
8
What is the thousands digit of 214241?
4
What is the units digit of 96619?
9
What is the hundreds digit of 118002?
0
What is the thousands digit of 13268631?
8
What is the ten thousands digit of 5267015?
6
What is the hundreds digit of 115891?
8
What is the thousands digit of 332452?
2
What is the hundreds digit of 250852?
8
What is the millions digit of 7789176?
7
What is the tens digit of 264873?
7
What is the units digit of 2043023?
3
What is the millions digit of 5984473?
5
What is the hundred thousands digit of 278909?
2
What is the ten thousands digit of 45236?
4
What is the millions digit of 6283027?
6
What is the tens digit of 276644?
4
What is the thousands digit of 543968?
3
What is the ten thousands digit of 7340578?
4
What is the units digit of 2493512?
2
What is the thousands digit of 2975277?
5
What is the thousands digit of 6852277?
2
What is the ten thousands digit of 14177?
1
What is the thousands digit of 366016?
6
What is the hundred thousands digit of 845069?
8
What is the millions digit of 7183536?
7
What is the hundreds digit of 3394889?
8
What is the hundreds digit of 9795340?
3
What is the tens digit of 26042951?
5
What is the units digit of 597922?
2
What is the thousands digit of 5884672?
4
What is the ten thousands digit of 618373?
1
What is the tens digit of 679161?
6
What is the thousands digit of 242595?
2
What is the units digit of 145616?
6
What is the units digit of 2645604?
4
What is the ten millions digit of 12453321?
1
What is the ten thousands digit of 1218987?
1
What is the hundred thousands digit of 335079?
3
What is the ten millions digit of 23457676?
2
What is the hundred thousands digit of 6023500?
0
What is the hundreds digit of 4902437?
4
What is the thousands digit of 307025?
7
What is the hundreds digit of 2039937?
9
What is the hundred thousands digit of 383157?
3
What is the thousands digit of 51482?
1
What is the hundred thousands digit of 3088392?
0
What is the tens digit of 5798197?
9
What is the hundred thousands digit of 18111807?
1
What is the hundred thousands digit of 378800?
3
What is the hundreds digit of 168492?
4
What is the millions digit of 8322896?
8
What is the ten thousands digit of 527622?
2
What is the hundred thousands digit of 1650473?
6
What is the units digit of 57861?
1
What is the hundred thousands digit of 206917?
2
What is the units digit of 805003?
3
What is the ten millions digit of 14216088?
1
What is the units digit of 16418207?
7
What is the hundreds digit of 546983?
9
What is the tens digit of 8131642?
4
What is the hundred thousands digit of 1969288?
9
What is the millions digit of 2697628?
2
What is the thousands digit of 566100?
6
What is the units digit of 11280610?
0
What is the hundreds digit of 19162990?
9
What is the hundred thousands digit of 158591?
1
What is the tens digit of 20300?
0
What is the thousands digit of 229268?
9
What is the hundred thousands digit of 3209457?
2
What is the hundreds digit of 588891?
8
What is the units digit of 105930?
0
What is the tens digit of 12228183?
8
What is the ten thousands digit of 147125?
4
What is the units digit of 844756?
6
What is the tens digit of 9455180?
8
What is the thousands digit of 3478214?
8
What is the tens digit of 4280807?
0
What is the tens digit of 1485475?
7
What is the hundred thousands digit of 7694871?
6
What is the millions digit of 2865239?
2
What is the hundreds digit of 19406?
4
What is the millions digit of 3435130?
3
What is the hundred thousands digit of 284023?
2
What is the ten thousands digit of 111907?
1
What is the hundred thousands digit of 276119?
2
What is the millions digit of 2436629?
2
What is the hundred thousands digit of 1817943?
8
What is the tens digit of 716627?
2
What is the hundred thousands digit of 8292460?
2
What is the hundred thousands digit of 18142409?
1
What is the millions digit of 7555887?
7
What is the tens digit of 3870393?
9
What is the tens digit of 507544?
4
What is the hundred thousands digit of 112334?
1
What is the tens digit of 78051?
5
What is the hundreds digit of 8485076?
0
What is the thousands digit of 662997?
2
What is the hundred thousands digit of 1057897?
0
What is the hundreds digit of 267352?
3
What is the thousands digit of 315419?
5
What is the ten thousands digit of 10073593?
7
What is the tens digit of 13524004?
0
What is the millions digit of 2686636?
2
What is the hundreds digit of 823055?
0
What is the hundred thousands digit of 2662115?
6
What is the units digit of 1421704?
4
What is the tens digit of 5682146?
4
What is the units digit of 627437?
7
What is the hundreds digit of 10306520?
5
What is the millions digit of 1020989?
1
What is the ten thousands digit of 5412529?
1
What is the units digit of 219441?
1
What is the hundred thousands digit of 1544996?
5
What is the hundred thousands digit of 236633?
2
What is the millions digit of 9236160?
9
What is the units digit of 8133973?
3
What is the units digit of 1052959?
9
What is the units digit of 191465?
5
What is the units digit of 245101?
1
What is the ten thousands digit of 3555369?
5
What is the thousands digit of 22509349?
9
What is the ten thousands digit of 5362790?
6
What is the tens digit of 6747832?
3
What is the tens digit of 1039381?
8
What is the tens digit of 978951?
5
What is the hundreds digit of 18012706?
7
What is the thousands digit of 169313?
9
What is the ten thousands digit of 2160793?
6
What is the units digit of 421498?
8
What is the units digit of 45050?
0
What is the hundred thousands digit of 26320272?
3
What is the ten thousands digit of 365289?
6
What is the millions digit of 4869914?
4
What is the millions digit of 3039616?
3
What is the ten thousands digit of 61662?
6
What is the ten thousands digit of 120677?
2
What is the hundred thousands digit of 4061356?
0
What is the hundreds digit of 265644?
6
What is the millions digit of 1842462?
1
What is the tens digit of 290669?
6
What is the hundreds digit of 3930740?
7
What is the thousands digit of 2926372?
6
What is the hundred thousands digit of 1097950?
0
What is the tens digit of 165688?
8
What is the tens digit of 319980?
8
What is the tens digit of 3308160?
6
What is the hundred thousands digit of 229819?
2
What is the units digit of 215117?
7
What is the ten thousands digit of 2577116?
7
What is the hundred thousands digit of 793048?
7
What is the hundreds digit of 1794421?
4
What is the millions digit of 1557456?
1
What is the tens digit of 289957?
5
What is the hundreds digit of 88538?
5
What is the tens digit of 153563?
6
What is the hundred thousands digit of 4190962?
1
What is the thousands digit of 1580928?
0
What is the thousands digit of 1800421?
0
What is the tens digit of 248017?
1
What is the ten thousands digit of 64650?
6
What is the units digit of 221912?
2
What is the hundred thousands digit of 5160213?
1
What is the thousands digit of 3821043?
1
What is the units digit of 1201206?
6
What is the hundreds digit of 80352?
3
What is the hundreds digit of 713124?
1
What is the thousands digit of 565819?
5
What is the millions digit of 3193670?
3
What is the hu